is the tens digit of 4 - (-25 + -3 + t)?
2
Let g be 1 - ((-1)/(-2))/(1/(-2)). Suppose 0 = g*s + s - 309. What is the units digit of s?
3
Let g(b) = -5*b**3 + 19*b**2 - 14*b + 14. Let z(h) = 4*h**3 - 19*h**2 + 14*h - 14. Let a(q) = -3*g(q) - 4*z(q). What is the units digit of a(18)?
6
Suppose 5*j - 45 = -35. Suppose -243 = -7*o + j. What is the tens digit of o?
3
Suppose 0 = 3*z + 3*s + 411, 0*z = -4*z + s - 548. Let y = 82 + z. What is the units digit of (2/(-2))/(11/y)?
5
Suppose 9*i = 11*i - 3342. What is the units digit of i?
1
Suppose 5*p = p + 176. Suppose g = -4*h + 2*g - 191, h + p = 4*g. Let j = h - -78. What is the units digit of j?
0
Let j be (20/6)/((-1)/3). Let s(z) = -z**3 - 9*z**2 - 2*z + 10. What is the tens digit of s(j)?
3
Let k = -316 + 549. What is the units digit of k?
3
Suppose 83508 = 33*t + 3747. What is the tens digit of t?
1
Let r(y) = -y + 1 + 1 + 0. Let n be r(1). Let h = 2 - n. What is the units digit of h?
1
Suppose 3*q = -l - 0*q + 1477, 4*l + 5*q = 5873. What is the hundreds digit of l?
4
Suppose 55 = -2*c - 3*i + 23, c + 2*i = -18. Let q = 13 + c. Suppose -90 = -q*x + 42. What is the tens digit of x?
4
Let z(p) be the third derivative of -p**4/8 - p**3/3 - 14*p**2. Suppose 0 = -2*l + 3*l + 5. What is the tens digit of z(l)?
1
Let t(f) = f**3 + 8*f**2 - 10*f - 1. Let x be t(-9). Let a = x - 2. What is the tens digit of 2 + a/(-3) + 34?
3
Let l(y) = -3*y**2 - 22*y - 13. Let z(m) = -10*m**2 - 67*m - 38. Let q(j) = 7*l(j) - 2*z(j). What is the units digit of q(-12)?
1
Let b(h) = -4*h**3 - 2*h**2 + 12*h - 7. Let g(r) = 5*r**3 + 3*r**2 - 12*r + 7. Let c(y) = 4*b(y) + 3*g(y). What is the units digit of c(-5)?
3
Suppose -2*f - 2888 = 6*f. Let w = f - -580. What is the hundreds digit of w?
2
Suppose i - 1062 = -3*z, -i = 4*z + 88 - 1147. What is the tens digit of i?
7
Let c be ((-14)/(-3) + 0)*3. Suppose -18*t + 45*t - 135 = 0. Suppose 184 = t*u + c. What is the units digit of u?
4
Let a(i) = 1272*i - 88. What is the units digit of a(1)?
4
Suppose -5*d + 4*w + 10 = 0, -3*d - w + 2*w = -13. Let y(c) = 14*c + 16. What is the units digit of y(d)?
0
Suppose 42*a = 34*a + 3784. What is the hundreds digit of a?
4
Let j = -899 + 1622. Suppose -g - 2*g = -j. What is the hundreds digit of g?
2
Let k(c) be the first derivative of c**5/40 - 5*c**3/3 + 2. Let b(v) be the third derivative of k(v). What is the units digit of b(5)?
5
Let n = -56 + 91. What is the units digit of (5/(n/(-12)))/((-11)/77)?
2
Let s(d) = 2*d**2 - 8*d + 4. Let j be 11 + (-3 - -1) + -2. What is the tens digit of s(j)?
4
Let p = 936 + -604. What is the tens digit of p?
3
Let c(v) = 2*v**2 - 10*v + 4. Let x = 5 + 3. Let o be c(x). Let h = o + -33. What is the tens digit of h?
1
Let w(o) = 3*o**2 + 18*o - 12. Let g(i) = 3*i**2 + 18*i - 12. Let j(q) = 5*g(q) - 4*w(q). Let t = 72 + -81. What is the units digit of j(t)?
9
What is the thousands digit of (47285/15 - -7)*(-3)/(-2)?
4
Let u(o) = o**2 + 7*o + 4. Let m be u(4). Let t = m - -6. What is the tens digit of t?
5
What is the units digit of -62*(-3 + -3 + (-246)/12)?
3
Let q = -1 + 7. Let p be 4/20 - q/5. What is the tens digit of (-2 - 8)/(p/2)?
2
Let k(n) = 8*n**2 - 10 - 4*n - 2*n + 5 + n. What is the units digit of k(-2)?
7
Suppose -6*g = -g - 5*m - 860, 4*m = -4*g + 728. What is the hundreds digit of g?
1
Let v = 31 - -3. Suppose -4*s + v = -34. What is the units digit of s?
7
Let l = 72 + -48. Suppose 2*z = -5*d + l, z = d + 2*d + 12. Let j = z + -2. What is the tens digit of j?
1
Let l(h) = 2*h**2 - 8*h + 9. Let w = 3 - -1. Let p be l(w). Suppose -p = -2*b + i, 3*b + 2*b + i - 26 = 0. What is the units digit of b?
5
Let b(a) = -a**2 - 6*a + 7. Let n be b(-7). Let m be (n + 15)*(-10)/(-30). Suppose -v - 15 = 2*v, 2*s + m*v = -7. What is the units digit of s?
9
What is the hundreds digit of 156 - 6/((-12)/10)?
1
Let l(j) = -19 + 0*j**2 + j**2 + 7 + 9*j + j. Let b be l(-10). What is the tens digit of ((-116)/b)/((-2)/(-6))?
2
Let j(i) = i**3 - i**2 - 13*i + 5. Let f be j(4). Suppose -4*s - f + 461 = 0. What is the tens digit of s?
1
Suppose -3*w + 20 = 2*w. Let y(j) = -4*j**2 + 5*j + 4 - 7*j**3 - j**3 + 9*j**3. What is the units digit of y(w)?
4
Let z = 781 - -703. What is the tens digit of z?
8
Suppose -289 = -2*j - 43. Let h(s) = 6*s**2 + 2*s + 5. Let z be h(-4). Suppose 5*d - 2*d = 4*r + z, 5*d = -4*r + j. What is the units digit of d?
7
Let z = -123 + 291. Let j = z + 29. What is the tens digit of j?
9
Let x = -347 - -685. What is the hundreds digit of x?
3
Suppose -2*d + 4 = 0, -5*d = -5*l - 622 + 5132. What is the tens digit of l?
0
Let i(h) = h**3 - 7*h**2 + 6*h + 3. Let t be i(6). Suppose 0 = -j - t*j + 48. Let n = j + 26. What is the units digit of n?
8
Suppose l - 552 = -2*p, 237 = -3*l + 4*p + 1843. What is the units digit of l?
2
Let t be (62 + 0/(-5))*(-2)/(-2). Suppose 64*q = t*q + 156. What is the tens digit of q?
7
Suppose -3*h - 8 + 36 = -4*u, -5*h - 4*u + 4 = 0. Let t = 4 - h. Suppose -3*q + 15 + 33 = t. What is the tens digit of q?
1
Let b be 14/2 + (-1)/1. Suppose 1297 = b*u + 229. What is the hundreds digit of u?
1
Let c = 3215 - 623. What is the tens digit of c?
9
Suppose 0*i - 5*i = -70. Suppose -10 - i = -2*x. What is the units digit of ((-32)/2)/(-13 + x)?
6
Let j(z) = z**2 - 31*z - 28. What is the tens digit of j(40)?
3
Let y(o) = 57*o**3 + 26*o**2 - 9*o + 5. What is the thousands digit of y(4)?
4
Suppose -8*n + 126 = -2*n. Let m = n + -14. What is the units digit of ((-180)/35)/((-2)/m)?
8
Let n = -130 + 283. Let f = n - 91. What is the units digit of (-3)/(f/34 - 2)?
7
Suppose w + 4*b = -16, 5*b + 9 = -11. Let n = w + 1. Let o = n + 5. What is the units digit of o?
6
Let t(a) = -3*a + 17. Let i be t(10). What is the tens digit of (-382)/(-10) - i/(-65)?
3
Let k(z) = -z**3 - 8*z**2 - 8*z + 14. Let q(a) = a - 7. Let l be q(0). What is the tens digit of k(l)?
2
Let x(t) be the first derivative of 3*t**2 - 3. What is the units digit of x(12)?
2
Suppose -9*f = -77 + 32. Suppose -103 = -5*u - 2*r, -104 + f = -5*u - r. What is the units digit of u?
9
Let z = 23 + -25. What is the units digit of 242/8 - z/(-8)?
0
Suppose 159 - 6 = w. Let u = w + -11. What is the tens digit of u?
4
Suppose 2*c = -6 - 6. Let l be ((-36)/(-16))/(c/(-16)). What is the units digit of (-396)/l*2/(-6)?
2
Let k = -665 + 984. What is the hundreds digit of k?
3
Let r be ((-18)/8)/(1/4). Let p be (-36)/(-16)*(-12)/r. Suppose 3*t + p*f - 36 = 0, f + 66 = 3*t + 2*t. What is the tens digit of t?
1
Let j be (12/18)/((-2)/(-36)). Let q = 14 - j. Suppose -q*b - 159 = -5*b + 3*o, -3*o + 265 = 5*b. What is the units digit of b?
3
Suppose 0 = -2*b + 4 - 6. Let a be (b - -3 - 2) + 2. What is the units digit of 8/a + 232/4?
2
Let m(l) = -2*l + 23. Let r = -21 + 29. Let u be m(r). Suppose -5*p + u*p = 30. What is the tens digit of p?
1
Let d(k) = k**2 + 58*k - 6. What is the tens digit of d(7)?
4
Suppose 395 = -59*i + 60*i. What is the units digit of i?
5
Let m(k) = 157*k**2 + 36*k + 13. What is the hundreds digit of m(3)?
5
Let y(b) = -82*b + 12. Suppose -31 = -u - 33. What is the units digit of y(u)?
6
Let n(o) = 2*o**3 + o**2 + 7*o - 3. Suppose 0 = -0*b + 10*b - 30. What is the units digit of n(b)?
1
Let j be 3/(-6)*8*-153. Suppose 0 = 5*y - 373 - j. What is the hundreds digit of y?
1
Let u(y) be the second derivative of 3*y**2 - 1/20*y**5 - 1/3*y**3 + 4*y + 0 + 1/2*y**4. What is the tens digit of u(5)?
2
Let i = 4 - 1. Suppose 5*q - 6*q + i = 0. Suppose 3*c = q*n - 144, c - 50 = -5*n + 4*n. What is the units digit of n?
9
What is the hundreds digit of 32/40*2060/8?
2
Suppose 0 = 2*y + 2*y + 36. Let i(j) = 14*j**3 + j**2. Let f be i(1). What is the units digit of (f/y)/((-3)/9)?
5
Let y(c) = c**3 + 4*c**2 - 2*c + 2. Let q be y(-4). Let n be q*(-3 - (-42)/10). What is the units digit of n/15*15/2?
6
Suppose 3*p - 2 = -2*m + 44, -5*m + 1 = -2*p. Let n = p - 8. Suppose 0 = -5*h + 3*r + 39, -n*h - 6*r + 42 = -3*r. What is the units digit of h?
9
Let r(k) be the second derivative of -5/3*k**3 + 6*k**2 + 0 - 1/12*k**4 - 5*k. What is the units digit of r(-10)?
2
Suppose 2*s + 30 = 4*n, -3*n = -n + 3*s - 11. Suppose -n*y + 109 + 115 = 0. What is the units digit of y?
2
What is the tens digit of 15 - (-2 + 2 + -4)?
1
Let q = 555